[INFO] cloning repository https://github.com/MOZGIII/ec2vol
[INFO] running `Command { std: "git" "-c" "credential.helper=" "-c" "credential.helper=/workspace/cargo-home/bin/git-credential-null" "clone" "--bare" "https://github.com/MOZGIII/ec2vol" "/workspace/cache/git-repos/https%3A%2F%2Fgithub.com%2FMOZGIII%2Fec2vol", kill_on_drop: false }`
[INFO] [stderr] Cloning into bare repository '/workspace/cache/git-repos/https%3A%2F%2Fgithub.com%2FMOZGIII%2Fec2vol'...
[INFO] running `Command { std: "git" "rev-parse" "HEAD", kill_on_drop: false }`
[INFO] [stdout] 57c7701ebeb359d3edbfa2f855e172e3031d344e
[INFO] checking MOZGIII/ec2vol against master#e6e4f7ed1589e03bc2f6c5931c1a72e7947e8682 for beta-170-4
[INFO] running `Command { std: "git" "clone" "/workspace/cache/git-repos/https%3A%2F%2Fgithub.com%2FMOZGIII%2Fec2vol" "/workspace/builds/worker-7-tc2/source", kill_on_drop: false }`
[INFO] [stderr] Cloning into '/workspace/builds/worker-7-tc2/source'...
[INFO] [stderr] done.
[INFO] validating manifest of git repo https://github.com/MOZGIII/ec2vol on toolchain e6e4f7ed1589e03bc2f6c5931c1a72e7947e8682
[INFO] running `Command { std: CARGO_HOME="/workspace/cargo-home" RUSTUP_HOME="/workspace/rustup-home" "/workspace/cargo-home/bin/cargo" "+e6e4f7ed1589e03bc2f6c5931c1a72e7947e8682" "metadata" "--manifest-path" "Cargo.toml" "--no-deps", kill_on_drop: false }`
[INFO] started tweaking git repo https://github.com/MOZGIII/ec2vol
[INFO] finished tweaking git repo https://github.com/MOZGIII/ec2vol
[INFO] tweaked toml for git repo https://github.com/MOZGIII/ec2vol written to /workspace/builds/worker-7-tc2/source/Cargo.toml
[INFO] crate git repo https://github.com/MOZGIII/ec2vol already has a lockfile, it will not be regenerated
[INFO] running `Command { std: CARGO_HOME="/workspace/cargo-home" RUSTUP_HOME="/workspace/rustup-home" "/workspace/cargo-home/bin/cargo" "+e6e4f7ed1589e03bc2f6c5931c1a72e7947e8682" "fetch" "--manifest-path" "Cargo.toml", kill_on_drop: false }`
[INFO] [stderr]     Blocking waiting for file lock on package cache
[INFO] running `Command { std: "docker" "create" "-v" "/var/lib/crater-agent-workspace/builds/worker-7-tc2/target:/opt/rustwide/target:rw,Z" "-v" "/var/lib/crater-agent-workspace/builds/worker-7-tc2/source:/opt/rustwide/workdir:ro,Z" "-v" "/var/lib/crater-agent-workspace/cargo-home:/opt/rustwide/cargo-home:ro,Z" "-v" "/var/lib/crater-agent-workspace/rustup-home:/opt/rustwide/rustup-home:ro,Z" "-e" "SOURCE_DIR=/opt/rustwide/workdir" "-e" "CARGO_TARGET_DIR=/opt/rustwide/target" "-e" "CARGO_HOME=/opt/rustwide/cargo-home" "-e" "RUSTUP_HOME=/opt/rustwide/rustup-home" "-w" "/opt/rustwide/workdir" "-m" "1610612736" "--user" "0:0" "--network" "none" "ghcr.io/rust-lang/crates-build-env/linux@sha256:19e73879b68f455e41552ea35293514db52ea292d993f571636dbffedb77a1ee" "/opt/rustwide/cargo-home/bin/cargo" "+e6e4f7ed1589e03bc2f6c5931c1a72e7947e8682" "metadata" "--no-deps" "--format-version=1", kill_on_drop: false }`
[INFO] [stdout] deca659af96ddcd1771c80066eb8ce6793355412bdc6d5c5f93ec668a2c0a174
[INFO] running `Command { std: "docker" "start" "-a" "deca659af96ddcd1771c80066eb8ce6793355412bdc6d5c5f93ec668a2c0a174", kill_on_drop: false }`
[INFO] running `Command { std: "docker" "inspect" "deca659af96ddcd1771c80066eb8ce6793355412bdc6d5c5f93ec668a2c0a174", kill_on_drop: false }`
[INFO] running `Command { std: "docker" "rm" "-f" "deca659af96ddcd1771c80066eb8ce6793355412bdc6d5c5f93ec668a2c0a174", kill_on_drop: false }`
[INFO] [stdout] deca659af96ddcd1771c80066eb8ce6793355412bdc6d5c5f93ec668a2c0a174
[INFO] running `Command { std: "docker" "create" "-v" "/var/lib/crater-agent-workspace/builds/worker-7-tc2/target:/opt/rustwide/target:rw,Z" "-v" "/var/lib/crater-agent-workspace/builds/worker-7-tc2/source:/opt/rustwide/workdir:ro,Z" "-v" "/var/lib/crater-agent-workspace/cargo-home:/opt/rustwide/cargo-home:ro,Z" "-v" "/var/lib/crater-agent-workspace/rustup-home:/opt/rustwide/rustup-home:ro,Z" "-e" "SOURCE_DIR=/opt/rustwide/workdir" "-e" "CARGO_TARGET_DIR=/opt/rustwide/target" "-e" "CARGO_INCREMENTAL=0" "-e" "RUST_BACKTRACE=full" "-e" "RUSTFLAGS=--cap-lints=forbid" "-e" "RUSTDOCFLAGS=--cap-lints=forbid" "-e" "CARGO_HOME=/opt/rustwide/cargo-home" "-e" "RUSTUP_HOME=/opt/rustwide/rustup-home" "-w" "/opt/rustwide/workdir" "-m" "1610612736" "--user" "0:0" "--network" "none" "ghcr.io/rust-lang/crates-build-env/linux@sha256:19e73879b68f455e41552ea35293514db52ea292d993f571636dbffedb77a1ee" "/opt/rustwide/cargo-home/bin/cargo" "+e6e4f7ed1589e03bc2f6c5931c1a72e7947e8682" "check" "--frozen" "--all" "--all-targets" "--message-format=json", kill_on_drop: false }`
[INFO] [stdout] 45943f5b7eb65cc24d863dc7243ced137bca13a37f69c11db99dc48aaa311ee6
[INFO] running `Command { std: "docker" "start" "-a" "45943f5b7eb65cc24d863dc7243ced137bca13a37f69c11db99dc48aaa311ee6", kill_on_drop: false }`
[INFO] [stderr]    Compiling libc v0.2.62
[INFO] [stderr]    Compiling cc v1.0.41
[INFO] [stderr]    Compiling memchr v2.2.1
[INFO] [stderr]    Compiling nom v4.2.3
[INFO] [stderr]    Compiling clang-sys v0.28.1
[INFO] [stderr]    Compiling proc-macro2 v0.4.30
[INFO] [stderr]    Compiling byteorder v1.3.2
[INFO] [stderr]    Compiling regex-syntax v0.6.11
[INFO] [stderr]    Compiling unicode-width v0.1.6
[INFO] [stderr]    Compiling quick-error v1.2.2
[INFO] [stderr]    Compiling humantime v1.2.0
[INFO] [stderr]    Compiling aho-corasick v0.7.6
[INFO] [stderr]    Compiling textwrap v0.11.0
[INFO] [stderr]    Compiling bitflags v1.1.0
[INFO] [stderr]    Compiling termcolor v1.0.5
[INFO] [stderr]    Compiling strsim v0.8.0
[INFO] [stderr]    Compiling backtrace-sys v0.1.31
[INFO] [stderr]    Compiling libloading v0.5.2
[INFO] [stderr]    Compiling vec_map v0.8.1
[INFO] [stderr]    Compiling bindgen v0.51.0
[INFO] [stderr]    Compiling atty v0.2.13
[INFO] [stderr]    Compiling ansi_term v0.11.0
[INFO] [stderr]    Compiling cexpr v0.3.5
[INFO] [stderr]    Compiling clap v2.33.0
[INFO] [stderr]    Compiling quote v0.6.13
[INFO] [stderr]    Compiling fxhash v0.2.1
[INFO] [stderr]    Compiling regex v1.2.1
[INFO] [stderr]    Compiling peeking_take_while v0.1.2
[INFO] [stderr]    Compiling shlex v0.1.1
[INFO] [stderr]    Compiling nix v0.15.0
[INFO] [stderr]    Compiling backtrace v0.3.35
[INFO] [stderr]    Compiling failure v0.1.5
[INFO] [stderr]    Compiling which v2.0.1
[INFO] [stderr]     Checking cfg-if v0.1.9
[INFO] [stderr]    Compiling env_logger v0.6.2
[INFO] [stderr]    Compiling linux-nvme-sys v0.3.0
[INFO] [stdout] error[E0204]: the trait `Copy` cannot be implemented for this type
[INFO] [stdout]  --> /opt/rustwide/target/debug/build/linux-nvme-sys-a68514000bfdd6e8/out/bindings.rs:3:78998
[INFO] [stdout]   |
[INFO] [stdout] 3 | ... , Copy , Clone , PartialEq , Eq ) ] pub struct nvme_telemetry_log_page_hdr { pub lpi : __u8 , pub rsvd : [ __u8 ; 4usize ] , pub iee_oui : [ __u8 ; 3usize ] , pub dalb1 : __le16 , pub dalb2 : __le16 , pub dalb3 : __le16 , pub rsvd1 : [ __u8 ; 368usize ] , pub ctrlavail : __u8 , pub ctrldgn : __u8 , pub rsnident : [ __u8 ; 128usize ] , pub telemetry_dataarea : __IncompleteArrayField < __u8 > , ...
[INFO] [stdout]   |       ^^^^                                                                                                                                                                                                                                                                                                                                           -------------------------------------------------------- this field does not implement `Copy`
[INFO] [stdout]   |
[INFO] [stdout]   = note: this error originates in the derive macro `Copy` (in Nightly builds, run with -Z macro-backtrace for more info)
[INFO] [stdout] 
[INFO] [stdout] 
[INFO] [stdout] error[E0204]: the trait `Copy` cannot be implemented for this type
[INFO] [stdout]  --> /opt/rustwide/target/debug/build/linux-nvme-sys-a68514000bfdd6e8/out/bindings.rs:3:101481
[INFO] [stdout]   |
[INFO] [stdout] 3 | ... , Copy , Clone , PartialEq , Eq ) ] pub struct nvme_lba_status { pub nlsd : __u32 , pub cmpc : __u8 , pub rsvd_7_5 : [ __u8 ; 3usize ] , pub descs : __IncompleteArrayField < nvme_lba_status_desc > , ...
[INFO] [stdout]   |       ^^^^                                                                                                                                   ----------------------------------------------------------- this field does not implement `Copy`
[INFO] [stdout]   |
[INFO] [stdout]   = note: this error originates in the derive macro `Copy` (in Nightly builds, run with -Z macro-backtrace for more info)
[INFO] [stdout] 
[INFO] [stdout] 
[INFO] [stdout] error[E0204]: the trait `Copy` cannot be implemented for this type
[INFO] [stdout]  --> /opt/rustwide/target/debug/build/linux-nvme-sys-a68514000bfdd6e8/out/bindings.rs:3:105943
[INFO] [stdout]   |
[INFO] [stdout] 3 | ... , Copy , Clone , PartialEq , Eq ) ] pub struct nvme_ana_group_desc { pub grpid : __le32 , pub nnsids : __le32 , pub chgcnt : __le64 , pub state : __u8 , pub rsvd17 : [ __u8 ; 15usize ] , pub nsids : __IncompleteArrayField < __le32 > , ...
[INFO] [stdout]   |       ^^^^                                                                                                                                                                                     --------------------------------------------- this field does not implement `Copy`
[INFO] [stdout]   |
[INFO] [stdout]   = note: this error originates in the derive macro `Copy` (in Nightly builds, run with -Z macro-backtrace for more info)
[INFO] [stdout] 
[INFO] [stdout] 
[INFO] [stdout] error[E0204]: the trait `Copy` cannot be implemented for this type
[INFO] [stdout]  --> /opt/rustwide/target/debug/build/linux-nvme-sys-a68514000bfdd6e8/out/bindings.rs:3:114524
[INFO] [stdout]   |
[INFO] [stdout] 3 | ... , Copy , Clone , PartialEq , Eq ) ] pub struct nvme_reservation_status { pub gen : __le32 , pub rtype : __u8 , pub regctl : [ __u8 ; 2usize ] , pub resv5 : [ __u8 ; 2usize ] , pub ptpls : __u8 , pub resv10 : [ __u8 ; 13usize ] , pub regctl_ds : __IncompleteArrayField < nvme_reservation_status__bindgen_ty_1 > , ...
[INFO] [stdout]   |       ^^^^                                                                                                                                                                                                                               -------------------------------------------------------------------------------- this field does not implement `Copy`
[INFO] [stdout]   |
[INFO] [stdout]   = note: this error originates in the derive macro `Copy` (in Nightly builds, run with -Z macro-backtrace for more info)
[INFO] [stdout] 
[INFO] [stdout] 
[INFO] [stdout] error[E0204]: the trait `Copy` cannot be implemented for this type
[INFO] [stdout]  --> /opt/rustwide/target/debug/build/linux-nvme-sys-a68514000bfdd6e8/out/bindings.rs:3:119065
[INFO] [stdout]   |
[INFO] [stdout] 3 | ... , Copy , Clone , PartialEq , Eq ) ] pub struct nvme_reservation_status_ext { pub gen : __le32 , pub rtype : __u8 , pub regctl : [ __u8 ; 2usize ] , pub resv5 : [ __u8 ; 2usize ] , pub ptpls : __u8 , pub resv10 : [ __u8 ; 14usize ] , pub resv24 : [ __u8 ; 40usize ] , pub regctl_eds : __IncompleteArrayField < nvme_reservation_status_ext__bindgen_ty_1 > , ...
[INFO] [stdout]   |       ^^^^                                                                                                                                                                                                                                                                     ------------------------------------------------------------------------------------- this field does not implement `Copy`
[INFO] [stdout]   |
[INFO] [stdout]   = note: this error originates in the derive macro `Copy` (in Nightly builds, run with -Z macro-backtrace for more info)
[INFO] [stdout] 
[INFO] [stdout] 
[INFO] [stdout] error[E0204]: the trait `Copy` cannot be implemented for this type
[INFO] [stdout]  --> /opt/rustwide/target/debug/build/linux-nvme-sys-a68514000bfdd6e8/out/bindings.rs:3:199486
[INFO] [stdout]   |
[INFO] [stdout] 3 | ... , Copy , Clone , PartialEq , Eq ) ] pub struct nvmf_disc_rsp_page_hdr { pub genctr : __le64 , pub numrec : __le64 , pub recfmt : __le16 , pub resv14 : [ __u8 ; 1006usize ] , pub entries : __IncompleteArrayField < nvmf_disc_rsp_page_entry > , ...
[INFO] [stdout]   |       ^^^^                                                                                                                                                                        ----------------------------------------------------------------- this field does not implement `Copy`
[INFO] [stdout]   |
[INFO] [stdout]   = note: this error originates in the derive macro `Copy` (in Nightly builds, run with -Z macro-backtrace for more info)
[INFO] [stdout] 
[INFO] [stdout] 
[INFO] [stdout] error: aborting due to 6 previous errors
[INFO] [stdout] 
[INFO] [stdout] 
[INFO] [stdout] For more information about this error, try `rustc --explain E0204`.
[INFO] [stdout] 
[INFO] [stderr] error: could not compile `linux-nvme-sys` (lib) due to 7 previous errors
[INFO] running `Command { std: "docker" "inspect" "45943f5b7eb65cc24d863dc7243ced137bca13a37f69c11db99dc48aaa311ee6", kill_on_drop: false }`
[INFO] running `Command { std: "docker" "rm" "-f" "45943f5b7eb65cc24d863dc7243ced137bca13a37f69c11db99dc48aaa311ee6", kill_on_drop: false }`
[INFO] [stdout] 45943f5b7eb65cc24d863dc7243ced137bca13a37f69c11db99dc48aaa311ee6
